{"id":977,"date":"2022-02-22T17:34:21","date_gmt":"2022-02-22T16:34:21","guid":{"rendered":"https:\/\/nize-d.com\/matriiculacion\/"},"modified":"2023-03-03T12:52:32","modified_gmt":"2023-03-03T11:52:32","slug":"matriculacion","status":"publish","type":"page","link":"https:\/\/nize-d.com\/es\/matriculacion\/","title":{"rendered":"Matriculaci\u00f3n"},"content":{"rendered":"\n<div id=\"wp-block-themeisle-blocks-advanced-columns-7ec1899b\" class=\"wp-block-themeisle-blocks-advanced-columns alignfull has-1-columns has-desktop-equal-layout has-tablet-equal-layout has-mobile-equal-layout has-vertical-unset has-default-gap\"><div class=\"wp-block-themeisle-blocks-advanced-columns-overlay\"><\/div><div class=\"innerblocks-wrap\">\n<div id=\"wp-block-themeisle-blocks-advanced-column-01e32366\" class=\"wp-block-themeisle-blocks-advanced-column\">\n<figure class=\"wp-block-embed is-type-video is-provider-youtube wp-block-embed-youtube wp-embed-aspect-16-9 wp-has-aspect-ratio\"><div class=\"wp-block-embed__wrapper\">\n<div class=\"nv-iframe-embed\"><iframe loading=\"lazy\" title=\"NIZE Aurrematrikulazio kanpaina 2023-2024\" width=\"1200\" height=\"675\" src=\"https:\/\/www.youtube.com\/embed\/aeRy-63lT-c?feature=oembed\" frameborder=\"0\" allow=\"accelerometer; autoplay; clipboard-write; encrypted-media; gyroscope; picture-in-picture; web-share\" allowfullscreen><\/iframe><\/div>\n<\/div><\/figure>\n<\/div>\n<\/div><\/div>\n\n\n\n<p>El lema de nuestra campa\u00f1a 2022-2023 fue: EL MODELO MULTILING\u00dcE QUE EMOCIONA, FUNCIONA y NOS CONECTA<\/p>\n\n\n\n<p>Decimos que <strong>funciona\u2026\u2026<\/strong><\/p>\n\n\n\n<p>Porque as\u00ed lo avalan los buenos resultados acad\u00e9micos<\/p>\n\n\n\n<p>Porque el euskera es una realidad en nuestro d\u00eda a d\u00eda y es un idioma que mira al futuro. Que est\u00e1 presente en todos los \u00e1mbitos de nuestra sociedad, en el cient\u00edfico, sanitario, educativo, en los oficios, en las empresas..en la vida laboral, social y cultural. En todos esos sitios nos encontramos con alumnos y alumnas que se han formado en nuestros centros y que aportan mucho a la sociedad<\/p>\n\n\n\n<p><strong>Emociona\u2026.<\/strong><\/p>\n\n\n\n<p>Ver a un ni\u00f1o o ni\u00f1a con cuatro a\u00f1os expres\u00e1ndose en euskera, y con 10 comunic\u00e1ndose con naturalidad.<br>Emociona Compartir a trav\u00e9s de todos nuestros centros en toda la geograf\u00eda navarra unos valores, una forma de ser y de crecer como personas, de conocer nuestra tierra y nuestra cultura pero con una mirada al mundo, desde una perspectiva global y multiling\u00fce.<br>Emociona Comprobar que lo que en el pasado, no hace tantos a\u00f1os era un sue\u00f1o, una reivindicaci\u00f3n, hoy es una realidad consolidada y contrastada que mira al futuro.<br>Porque el Modelo D va m\u00e1s all\u00e1 de una formaci\u00f3n acad\u00e9mica convencional, desarrollando un compromiso con nuestras ra\u00edces, nuestra lengua, nuestras costumbres y nuestra cultura. Esto hace que sea enriquecedor y favorezca la formaci\u00f3n integral de nuestro alumnado.<\/p>\n\n\n\n<p>El plazo de prematr\u00edcula para el segundo ciclo de Educaci\u00f3n Infantil y Educaci\u00f3n Primaria ser\u00e1 del 7 al 11 de marzo en Navarra. Afecta a las ni\u00f1as y ni\u00f1os nacidos en 2019 (5.332) y a sus familias.<\/p>\n\n\n\n<h2 class=\"wp-block-heading\" id=\"eskariak\">Solicitudes<\/h2>\n\n\n\n<p>Las solicitudes para participar en el proceso ordinario de admisi\u00f3n, que se tramitar\u00e1n preferentemente de forma telem\u00e1tica, deber\u00e1n ser formalizadas por los padres con patria potestad o por los tutores legales de los alumnos, quedando exento de este requisito el alumnado que acceda al centro adscrito. No obstante, a petici\u00f3n de la familia, cualquiera de los centros indicados en la solicitud de admisi\u00f3n, independientemente del orden indicado en la misma, deber\u00e1 colaborar en la tramitaci\u00f3n de la solicitud y, a petici\u00f3n del solicitante, presentarla de forma delegada. Para ello, las familias pueden acudir a la secretar\u00eda de los centros para solicitar esta colaboraci\u00f3n.<\/p>\n\n\n\n<p>Se deber\u00e1 presentar una \u00fanica solicitud para cada alumno o alumna, en la que se indicar\u00e1 qu\u00e9 centro se ha elegido como primera opci\u00f3n y, en caso de no ser adjudicatario de plaza en el centro de primera opci\u00f3n, se podr\u00e1n presentar otros cinco centros adicionales por orden de preferencia. Para cada uno de los centros solicitados, los solicitantes concurrir\u00e1n con la puntuaci\u00f3n resultante de la suma de los puntos obtenidos en aplicaci\u00f3n del baremo. Teniendo en cuenta el orden en el que se han colocado los centros en la solicitud, se adjudicar\u00e1 plaza al solicitante en el centro de mayor orden de preferencia de los admitidos.<\/p>\n\n\n\n<p>Los centros de primera opci\u00f3n ser\u00e1n los encargados de introducir en EDUCA los datos del alumnado preinscrito, verificarlos y aplicar los criterios de baremaci\u00f3n. Estos son los criterios:<\/p>\n\n\n\n<ul class=\"wp-block-list\">\n<li>Presencia de hermanos matriculados en el centro (3 puntos)<\/li>\n\n\n\n<li>Proximidad del domicilio o centro de trabajo de los padres o tutores legales (4, 3, 1, 0 puntos)<\/li>\n\n\n\n<li>Renta per c\u00e1pita de la unidad familiar (3, 2, 1, 0 puntos)<\/li>\n\n\n\n<li>Discapacidad en el alumno\/a o en alg\u00fan progenitor\/a, tutor\/a legal o hermano\/a (2.5, 2, 0.5 puntos)<\/li>\n\n\n\n<li>Ser v\u00edctima de violencia de g\u00e9nero o terrorismo (1 punto)<\/li>\n\n\n\n<li>Padres o tutores legales que trabajan en el centro (0.8 puntos)<\/li>\n\n\n\n<li>Condici\u00f3n legal de familia numerosa (0.8 puntos)<\/li>\n\n\n\n<li>Situaci\u00f3n de acogimiento familiar del alumno\/a (0.8 puntos)<\/li>\n\n\n\n<li>Familia monoparental (0.8 puntos)<\/li>\n\n\n\n<li>Alumnado nacido de parto m\u00faltiple (0.8 puntos)<\/li>\n<\/ul>\n\n\n\n<p>En caso de persistir el empate, se utilizar\u00e1 el criterio complementario de \u00abproximidad lineal\u00bb (0,5 puntos, distancia lineal determinada mediante el instrumento de geolocalizaci\u00f3n incluido en EDUCA, de vivienda familiar o centro de trabajo, seg\u00fan la opci\u00f3n elegida, hasta el centro de ense\u00f1anza si es igual o inferior a 1.500 metros). Si el empate no se hubiera deshecho, se proceder\u00e1 al sorteo, que se celebrar\u00e1 a las 13:00 horas del d\u00eda 4 de marzo de 2022, en acto p\u00fablico, en el Departamento de Educaci\u00f3n, ante el \u00f3rgano competente.<\/p>\n","protected":false},"excerpt":{"rendered":"<p>El lema de nuestra campa\u00f1a 2022-2023 fue: EL MODELO MULTILING\u00dcE QUE EMOCIONA, FUNCIONA y NOS CONECTA Decimos que funciona\u2026\u2026 Porque as\u00ed lo avalan los buenos resultados acad\u00e9micos Porque el euskera es una realidad en nuestro d\u00eda a d\u00eda y es un idioma que mira al futuro. Que est\u00e1 presente en todos los \u00e1mbitos de nuestra&hellip;&nbsp;<a href=\"https:\/\/nize-d.com\/es\/matriculacion\/\" class=\"\" rel=\"bookmark\">Leer m\u00e1s &raquo;<span class=\"screen-reader-text\">Matriculaci\u00f3n<\/span><\/a><\/p>\n","protected":false},"author":2,"featured_media":0,"parent":0,"menu_order":0,"comment_status":"closed","ping_status":"closed","template":"","meta":{"neve_meta_sidebar":"","neve_meta_container":"","neve_meta_enable_content_width":"","neve_meta_content_width":0,"neve_meta_title_alignment":"","neve_meta_author_avatar":"","neve_post_elements_order":"","neve_meta_disable_header":"","neve_meta_disable_footer":"","neve_meta_disable_title":"","_themeisle_gutenberg_block_has_review":false,"footnotes":""},"class_list":["post-977","page","type-page","status-publish","hentry"],"_links":{"self":[{"href":"https:\/\/nize-d.com\/es\/wp-json\/wp\/v2\/pages\/977","targetHints":{"allow":["GET"]}}],"collection":[{"href":"https:\/\/nize-d.com\/es\/wp-json\/wp\/v2\/pages"}],"about":[{"href":"https:\/\/nize-d.com\/es\/wp-json\/wp\/v2\/types\/page"}],"author":[{"embeddable":true,"href":"https:\/\/nize-d.com\/es\/wp-json\/wp\/v2\/users\/2"}],"replies":[{"embeddable":true,"href":"https:\/\/nize-d.com\/es\/wp-json\/wp\/v2\/comments?post=977"}],"version-history":[{"count":6,"href":"https:\/\/nize-d.com\/es\/wp-json\/wp\/v2\/pages\/977\/revisions"}],"predecessor-version":[{"id":1126,"href":"https:\/\/nize-d.com\/es\/wp-json\/wp\/v2\/pages\/977\/revisions\/1126"}],"wp:attachment":[{"href":"https:\/\/nize-d.com\/es\/wp-json\/wp\/v2\/media?parent=977"}],"curies":[{"name":"wp","href":"https:\/\/api.w.org\/{rel}","templated":true}]}}

Matriculación

<div id="wp-block-themeisle-blocks-advanced-columns-7ec1899b" class="wp-block-themeisle-blocks-advanced-columns alignfull has-1-columns has-desktop-equal-layout has-tablet-equal-layout has-mobile-equal-layout has-vertical-unset has-default-gap"><div class="wp-block-themeisle-blocks-advanced-columns-overlay"></div><div class="innerblocks-wrap">
<div id="wp-block-themeisle-blocks-advanced-column-01e32366" class="wp-block-themeisle-blocks-advanced-column">
<figure class="wp-block-embed is-type-video is-provider-youtube wp-block-embed-youtube wp-embed-aspect-16-9 wp-has-aspect-ratio"><div class="wp-block-embed__wrapper">
<div class="nv-iframe-embed"><iframe loading="lazy" title="NIZE Aurrematrikulazio kanpaina 2023-2024" width="1200" height="675" src="https://www.youtube.com/embed/aeRy-63lT-c?feature=oembed" frameborder="0" allow="accelerometer; autoplay; clipboard-write; encrypted-media; gyroscope; picture-in-picture; web-share" allowfullscreen></iframe></div>
</div></figure>
</div>
</div></div>



<p>El lema de nuestra campaña 2022-2023 fue: EL MODELO MULTILINGÜE QUE EMOCIONA, FUNCIONA y NOS CONECTA</p>



<p>Decimos que <strong>funciona……</strong></p>



<p>Porque así lo avalan los buenos resultados académicos</p>



<p>Porque el euskera es una realidad en nuestro día a día y es un idioma que mira al futuro. Que está presente en todos los ámbitos de nuestra sociedad, en el científico, sanitario, educativo, en los oficios, en las empresas..en la vida laboral, social y cultural. En todos esos sitios nos encontramos con alumnos y alumnas que se han formado en nuestros centros y que aportan mucho a la sociedad</p>



<p><strong>Emociona….</strong></p>



<p>Ver a un niño o niña con cuatro años expresándose en euskera, y con 10 comunicándose con naturalidad.<br>Emociona Compartir a través de todos nuestros centros en toda la geografía navarra unos valores, una forma de ser y de crecer como personas, de conocer nuestra tierra y nuestra cultura pero con una mirada al mundo, desde una perspectiva global y multilingüe.<br>Emociona Comprobar que lo que en el pasado, no hace tantos años era un sueño, una reivindicación, hoy es una realidad consolidada y contrastada que mira al futuro.<br>Porque el Modelo D va más allá de una formación académica convencional, desarrollando un compromiso con nuestras raíces, nuestra lengua, nuestras costumbres y nuestra cultura. Esto hace que sea enriquecedor y favorezca la formación integral de nuestro alumnado.</p>



<p>El plazo de prematrícula para el segundo ciclo de Educación Infantil y Educación Primaria será del 7 al 11 de marzo en Navarra. Afecta a las niñas y niños nacidos en 2019 (5.332) y a sus familias.</p>



<h2 class="wp-block-heading" id="eskariak">Solicitudes</h2>



<p>Las solicitudes para participar en el proceso ordinario de admisión, que se tramitarán preferentemente de forma telemática, deberán ser formalizadas por los padres con patria potestad o por los tutores legales de los alumnos, quedando exento de este requisito el alumnado que acceda al centro adscrito. No obstante, a petición de la familia, cualquiera de los centros indicados en la solicitud de admisión, independientemente del orden indicado en la misma, deberá colaborar en la tramitación de la solicitud y, a petición del solicitante, presentarla de forma delegada. Para ello, las familias pueden acudir a la secretaría de los centros para solicitar esta colaboración.</p>



<p>Se deberá presentar una única solicitud para cada alumno o alumna, en la que se indicará qué centro se ha elegido como primera opción y, en caso de no ser adjudicatario de plaza en el centro de primera opción, se podrán presentar otros cinco centros adicionales por orden de preferencia. Para cada uno de los centros solicitados, los solicitantes concurrirán con la puntuación resultante de la suma de los puntos obtenidos en aplicación del baremo. Teniendo en cuenta el orden en el que se han colocado los centros en la solicitud, se adjudicará plaza al solicitante en el centro de mayor orden de preferencia de los admitidos.</p>



<p>Los centros de primera opción serán los encargados de introducir en EDUCA los datos del alumnado preinscrito, verificarlos y aplicar los criterios de baremación. Estos son los criterios:</p>



<ul class="wp-block-list">
<li>Presencia de hermanos matriculados en el centro (3 puntos)</li>



<li>Proximidad del domicilio o centro de trabajo de los padres o tutores legales (4, 3, 1, 0 puntos)</li>



<li>Renta per cápita de la unidad familiar (3, 2, 1, 0 puntos)</li>



<li>Discapacidad en el alumno/a o en algún progenitor/a, tutor/a legal o hermano/a (2.5, 2, 0.5 puntos)</li>



<li>Ser víctima de violencia de género o terrorismo (1 punto)</li>



<li>Padres o tutores legales que trabajan en el centro (0.8 puntos)</li>



<li>Condición legal de familia numerosa (0.8 puntos)</li>



<li>Situación de acogimiento familiar del alumno/a (0.8 puntos)</li>



<li>Familia monoparental (0.8 puntos)</li>



<li>Alumnado nacido de parto múltiple (0.8 puntos)</li>
</ul>



<p>En caso de persistir el empate, se utilizará el criterio complementario de «proximidad lineal» (0,5 puntos, distancia lineal determinada mediante el instrumento de geolocalización incluido en EDUCA, de vivienda familiar o centro de trabajo, según la opción elegida, hasta el centro de enseñanza si es igual o inferior a 1.500 metros). Si el empate no se hubiera deshecho, se procederá al sorteo, que se celebrará a las 13:00 horas del día 4 de marzo de 2022, en acto público, en el Departamento de Educación, ante el órgano competente.</p>

<p>El lema de nuestra campaña 2022-2023 fue: EL MODELO MULTILINGÜE QUE EMOCIONA, FUNCIONA y NOS CONECTA Decimos que funciona…… Porque así lo avalan los buenos resultados académicos Porque el euskera es una realidad en nuestro día a día y es un idioma que mira al futuro. Que está presente en todos los ámbitos de nuestra&hellip;&nbsp;<a href="https://nize-d.com/es/matriculacion/" class="" rel="bookmark">Leer más &raquo;<span class="screen-reader-text">Matriculación</span></a></p>
